q + 8. Let j(c) = -c**2 - c + 13. Determine j(q).
13
Suppose -2*a - 24 = -4*o, -5*a - 32 = -2*o - o. Let n(x) be the second derivative of -1/2*x**2 - x - 1/12*x**4 + 0 - 1/2*x**3. What is n(a)?
-5
Let q = 101 - 97. Let m(f) = -f**3 + 4*f**2 - 4*f + 1. Calculate m(q).
-15
Suppose 5 = -2*z - 7. Let d be 20/z + 4/(-6). Let r(c) = 2*c**2 - 3*c - 2. Let l(p) = -p - 1. Let w(m) = d*l(m) + r(m). Calculate w(-2).
8
Let t(u) = 7 + 0*u + 0 - u. Let c = 41 + -23. Let r = c - 12. Determine t(r).
1
Suppose -5 = -5*l - 5*t, 2*l + 7*t - 2*t - 17 = 0. Let a(u) = u - 2. Give a(l).
-6
Let f(t) be the second derivative of t**4/12 + 5*t**3/6 + 3*t**2/2 + 10*t. Determine f(-3).
-3
Let q(g) = -g**2 + g. Let x be 3/(9/(-6)) - -24. Let h be (-4)/6 - x/(-6). Determine q(h).
-6
Let w(h) = -5*h**3 - h**2 - h - 1. Let t(g) = 3*g. Let s be t(2). Let v be 8/(-6)*s/4. Let d = v + 1. What is w(d)?
4
Let s(d) = d - 4*d + 32 - 41 + 4*d. Calculate s(8).
-1
Let n(y) = -4 - y + 0 + 2. Determine n(4).
-6
Let f(h) = -h**2 - 2*h + 3. Suppose -3*l + 5*l + 6 = 0. Let x be f(l). Suppose -b + 2*b - 5 = x. Let v(g) = -g**2 + 6*g - 2. What is v(b)?
3
Suppose 0 = k - 3*k + 6. Let h(n) = 2*n**2 - 4 - n**2 + n - n**k + 3*n**2. Suppose -2*g = -0*g - 8. Give h(g).
0
Suppose -12 = -2*a - 2*m, 4*a + 1 - 19 = 2*m. Suppose -a*k = -k - 20. Let u(p) = -p**3 + 5*p**2 + p - 4. Give u(k).
1
Let m(n) = n**2 - 2*n - 7. Let r be m(5). Suppose -s + 24 = 4*g, r*g - 4*s - 9 = 3*g. Let v(b) be the second derivative of -b**3/6 + b**2/2 + b. What is v(g)?
-4
Suppose 0 = -5*t - 8*u + 11*u - 17, 3*u - 9 = -3*t. Let y(d) be the first derivative of -d**3 - d**2/2 - 1. What is y(t)?
-2
Let x(l) be the first derivative of l**4/4 + 5*l**3/3 - l**2/2 + 4*l - 4. What is x(-5)?
9
Let k(w) = -w**3 + 10*w**2 - 9*w. Let p be k(9). Suppose p*t = 2*t - q - 4, 3*q + 12 = -5*t. Let s(h) = -h**3 - h**2 - h - 2. Determine s(t).
-2
Let s(c) = -3*c + 4*c + 2*c - 4 - 4*c. Calculate s(5).
-9
Suppose 7 = -5*o - 4*k, -3*k = -o - 2*o + 12. Let r(z) = -8*z**3 + z - 1. What is r(o)?
-8
Let u(r) be the first derivative of -3*r**2/2 - 3*r + 1. Let b be -3 - -5 - 0 - 7. Let j = -8 - b. Give u(j).
6
Let h(r) = -2*r - 5. Let j be h(-5). Let l(v) = -v - 9. Let o(g) = g + 8. Let w(y) = -4*l(y) - 5*o(y). Calculate w(j).
-9
Let d(u) = 3*u + 6. Let f(p) = -2*p**2 + 3*p - 3. Suppose y + y = 4. Let c be f(y). Give d(c).
-9
Let h be (-6)/24 + 2/8. Let p(w) = w - 8. Give p(h).
-8
Let r(o) = -o**3 + 3*o**2 - o + 2. Let i be r(2). Let y(c) = -3*c - i + 4 - 7 + 2. Determine y(-4).
7
Suppose -5*d + 4 = 3*q + 5, q = 2*d - 4. Let b(p) = 3*p. Determine b(q).
-6
Let u(t) = -2*t - 3*t**2 + 131 - 131. Determine u(2).
-16
Let a(k) be the third derivative of -k**4/24 + 16*k**2. Suppose 0 = -8*s + 3*s + 30. What is a(s)?
-6
Let m(c) = 4*c - 3. Suppose 0 = -3*s - 4*s + 14. Give m(s).
5
Let t be -3 - (6/(-14) - (-54)/(-21)). Let d(p) = p - 8. Let s(m) = 3*m - 23. Let q(i) = 7*d(i) - 2*s(i). What is q(t)?
-10
Let r = 7 - 10. Let v be r/(-12) + (-6)/(-8). Let t(n) = -n + 2. Give t(v).
1
Let y(o) = -o**3 - 5*o**2 + 5*o. Let m = -13 + 7. Calculate y(m).
6
Let y be 45/(-10)*8/6. Let l(x) = -x**2 - 7*x - 7. Calculate l(y).
-1
Let o(q) be the second derivative of -q**5/20 + q**3/3 - q**2/2 - q. Suppose -2 = 5*b + 3. Let l be (-2)/14*7*b. Give o(l).
0
Let w be (-4)/22 + (-371)/77. Let b(i) = 2*i + 6. Give b(w).
-4
Let m(u) = 16*u**3 - u**2 + 1. Let j be m(1). Let v = j - 12. Let i(x) = x**2 - x - 3. Determine i(v).
9
Suppose 0 = -5*m - 1 - 14. Let x(o) be the first derivative of 4*o + 1/3*o**3 - 2 + 2*o**2. Determine x(m).
1
Let m(c) be the second derivative of -c**3/6 + 2*c**2 + 37*c. Determine m(6).
-2
Let p(s) be the third derivative of s**5/60 - s**4/8 - 2*s**3/3 - 8*s**2. Let t be (-1 - -2)/(3/27). Suppose 7*z - t = 4*z. Determine p(z).
-4
Let s(o) = -o**2 - 5*o. Let z be s(-5). Suppose z = 3*t - 0 - 9. Let r(v) = 0*v**3 + v**t + 0*v**3 + 4*v**2 + 6 - 5*v. Calculate r(-5).
6
Let a = 16 - 11. Let i = a + -3. Let d(k) = 0*k - k**3 + 5*k**i - 2*k**2 + 3 + 2*k. Calculate d(4).
-5
Suppose g = -t - t - 2, -3*t = -3*g - 6. Let q be (3 - (g - -2))*1. Let x(i) be the first derivative of i**3/3 - 3*i**2 + 2*i + 1. Determine x(q).
-7
Let u be (-4)/(-1) + 8 + -10. Let k(t) = 5 + t**u + 8 + 5*t - 6. What is k(-5)?
7
Let m(v) = -v**2 - 7*v + 2. Suppose j - 7*u - 2 = -4*u, 2*j + 2*u = -20. Give m(j).
2
Let n(k) = -k**2 + 5*k + 7. Suppose 4*z - 1 = 5*a + 3, -z - 3*a = -18. Calculate n(z).
1
Let q(f) be the first derivative of f**5/120 - 3*f**4/8 + f**3 - 2. Let r(h) be the third derivative of q(h). Give r(5).
-4
Let z(k) = -5*k**2 - 7*k - 4. Let n(p) = 11*p**2 + 15*p + 9. Let o(v) = -6*n(v) - 13*z(v). Calculate o(0).
-2
Let s(d) = -d**2 - 3*d + 5. Suppose -16 = -2*v + 6*v. Give s(v).
1
Let b = 10 + -15. Let i(s) = -2*s - 5. Let x(g) = -4*g + 19 - 22 + 3*g. Let w(f) = 6*i(f) - 13*x(f). Determine w(b).
4
Suppose -2*s = s. Suppose -2*n - 3*n = s. Let t(z) be the second derivative of -z**3/6 + 7*z**2/2 + z. Determine t(n).
7
Let z(r) be the second derivative of 1/3*r**3 + 1/2*r**2 + 0 - 2*r. Give z(-2).
-3
Let c(i) be the first derivative of i**3/3 + 3*i**2 - i - 5. What is c(-5)?
-6
Let p(s) = s - 2. Let f(w) = 2*w + 1. Let k be f(4). Determine p(k).
7
Let w(a) = -a**3 + 3*a**2 + 4*a + 3. Let x be w(4). Let q(n) be the third derivative of n**5/60 - n**4/8 - 165*n**2. Give q(x).
0
Suppose -3*n = -6, 2*r = -0*r - 2*n - 8. Let s(b) = -b**3 - 6*b**2 - b - 1. What is s(r)?
5
Let p(w) be the third derivative of -w**5/10 - w**4/12 - w**3/6 + 22*w**2. What is p(-1)?
-5
Let o(r) = 18*r**3 + 11*r**2 - 14. Let d(t) = 6*t**3 + 4*t**2 - 5. Let m(q) = -17*d(q) + 6*o(q). Determine m(1).
5
Let p be (-2 - 5/(-2))*-2. Let i(b) = -35*b**3 + 5*b**2 + 16*b - 6. Let m(j) = -7*j**3 + j**2 + 3*j - 1. Let v(x) = -2*i(x) + 11*m(x). Determine v(p).
8
Let j(r) = -3*r + 2. Let b(a) = -a + 1. Let w(i) = -4*b(i) + j(i). Give w(5).
3
Let w(t) = 5*t**3 + 3*t - 1. Let k(v) = -6*v**3 - 4*v + 2. Let i(f) = 2*k(f) + 3*w(f). Determine i(-1).
-3
Suppose 28 + 2 = -5*u. Let g = u + 13. Let z(a) = 3*a**2 - 4*a**2 + a + 6 - g. Determine z(0).
-1
Let z(f) = -f**2 + 0*f - 3*f + 0*f**2 - 3. Let j(t) = -4*t - 2. Let g be j(-1). Suppose -g*o - 2*n = -2, 3*o + 2*n + 1 = -0. Determine z(o).
-3
Let j(c) = 11*c**2 + 2*c - 2. Let w be (0 - -5)*(-1 - -2). Let t(g) = 5*g - 6*g**2 + 1 + 0*g**2 - 6*g. Let l(q) = w*t(q) + 3*j(q). Determine l(1).
3
Let r(p) = -p - 1. Let k(t) = 2*t + 1. Let z(c) = 4*k(c) + 5*r(c). Let b = -126 + 127. What is z(b)?
2
Let f(h) = 5*h**2 - 8*h - 4. Let p(x) = -5*x**2 - 9*x - 9. Let g(r) = 2*r**2 + 4*r + 4. Let s(k) = -7*g(k) - 3*p(k). Let w(i) = -f(i) + 4*s(i). Determine w(4).
0
Let p = -1 + 1. Suppose -6*k + k + 20 = p. Let g(j) = -j + 9. Let s(v) = -1. Let q(n) = -g(n) - 6*s(n). Give q(k).
1
Let r(d) = d**2. Let n be r(2). Suppose -2*c + 4 = -n*x, -4*x = -1 - 3. Let s be c/(-6)*(-15)/2. Let v(b) = -b**3 + 5*b**2 + b + 7. Give v(s).
12
Suppose 16 = 4*b - 4*i - 0*i, 3*b - 2 = -2*i. Let c be (-27)/(-6) + b/(-4). Let x = c - 3. Let r(j) = -6*j**3 + j**2 + j - 1. Give r(x).
-5
Let z(f) = 5*f**3 - f. Let i be z(1). Suppose i*u - u + 57 = 4*j, -2*j - 4*u + 56 = 0. Suppose 5*q + j = 3. Let y(h) = h**2 + 4*h - 3. Calculate y(q).
-6
Suppose 9*y = 4*y + 15. Let i(l) = 0*l**3 - 3*l**3 - 3 + 2*l**y - 7*l**2 - 3*l - 4*l. Calculate i(-6).
3
Let u(n) = -n**2 + 5*n - 4. Let z(x) = 4*x - 9. Let o be z(3). Give u(o).
2
Let d(r) = -12 + r + 10 + 5 - 2*r. What is d(3)?
0
Let a(z) = z**2 + 7*z + 4. Let t be (-30)/(-4)*2/(-3). Determine a(t).
-6
Suppose -3 = -2*n + 1. Let x(a) = a**2 + 2*a - 3. Let b be x(n). Let i(t) be the first derivative of -t**4/4 + 4*t**3/3 + 7*t**2/2 - 6*t - 3. What is i(b)?
4
Let d(b) = -5*b**2 - 2*b + 7*b**2 - 1 - 3*b**2. What is d(-4)?
-9
Let r(z) = z**3 + 6*z**2 + 12*z + 3. Let n be r(-2). Let v(p) = -p**3 - 5*p**2 + p - 3. Give v(n).
-8
Let i(q) = -8*q**2 - 3*q. Let b = 39 - 41. What is i(b)?
-26
Let f(d) = -d**2 - d + 6. Let u(t) = -t**3. Let x be u(0). Let c = 1 - x. Let w be 2/(-8) + c/4. Give f(w).
6
Let j be (-3)/(-6) + 6/(-4). Let r(i) = 4*i. Determine r(j).
-4
Let h be ((-2)/(-6))/((-2)/(-18)). Suppose -2*f + 4*l + 22 - 4 = 0, h*f = -5*l + 5. Let r(k) = -1 + f + k - 2*k. Give r(3).
1
Let s be (7 +